{"id":26,"date":"2025-01-03T08:51:09","date_gmt":"2025-01-03T07:51:09","guid":{"rendered":"http:\/\/s1038203044.onlinehome.fr\/?page_id=26"},"modified":"2025-01-03T17:07:52","modified_gmt":"2025-01-03T16:07:52","slug":"page-daccueil","status":"publish","type":"page","link":"https:\/\/nuagevert.eco\/","title":{"rendered":"Nuage Vert : pour un Num\u00e9rique moins irresponsable"},"content":{"rendered":"\n<p>Bienvenue chez Nuage Vert!<\/p>\n\n\n\n<p>A travers des ateliers ludiques et hautement participatifs, Nuage Vert accompagne des collectivit\u00e9s et entreprises dans la prise de conscience des causes du d\u00e9r\u00e8glement climatique, de l&#8217;empreinte environementale du Num\u00e9rique, des enjeux sociaux et soci\u00e9taux autour du Num\u00e9rique et de l&rsquo;IA g\u00e9n\u00e9rative en particulier.<\/p>\n\n\n\n<p>Nuage Vert accompagne \u00e9galement votre soci\u00e9t\u00e9 ou collectivit\u00e9 dans l&rsquo;\u00e9tablissement de son Bilan Carbone, et surtout ensuite dans la mise en application du plan de transition qui aura \u00e9t\u00e9 \u00e9labor\u00e9 ensemble. <\/p>\n\n\n\n<p>Je suis engag\u00e9 \u00e0 d\u00e9velopper la prise de conscience que la croissance illimit\u00e9e du Num\u00e9rique est un risque pour tous.<\/p>\n\n\n\n<p>Cela peut sembler violent, mais rappelez-vous, la Plan\u00e8te Terre est un \u00ab\u00a0syst\u00e8me fini\u00a0\u00bb, il contient un nombre donn\u00e9 de chacune de ses ressources et nous ne sommes toujours pas ravitaill\u00e9s depuis l&rsquo;espace de minerais ou \u00e9nergies fossiles que nous utilisons. Lorsqu&rsquo;on utilise un stock, il diminue. Ne devrions-nous pas au moins \u00eatre conscients du niveau restant de chaque ressource, de notre rythme de consommation, du temps que l&rsquo;on souhaite pouvoir encore en b\u00e9n\u00e9ficier, de qui ou quoi serait prioris\u00e9 si l&rsquo;une des ressources devenait trop rare?<\/p>\n\n\n\n<p>La prise de conscience est le pr\u00e9alable \u00e0 la mise en action.<\/p>\n\n\n\n<p>Parcourez les services propos\u00e9s dans le menu et <a href=\"http:\/\/s1038203044.onlinehome.fr\/index.php\/nous-contacter\/\" data-type=\"page\" data-id=\"58\">contactez-nous<\/a>! A tr\u00e8s vite, durablement.<\/p>\n\n\n\n<p><\/p>\n\n\n\n<p><\/p>\n\n\n\n<p><\/p>\n","protected":false},"excerpt":{"rendered":"<p>Bienvenue chez Nuage Vert! A travers des ateliers ludiques et hautement participatifs, Nuage Vert accompagne des collectivit\u00e9s et entreprises dans [&hellip;]<\/p>\n","protected":false},"author":2,"featured_media":0,"parent":0,"menu_order":0,"comment_status":"closed","ping_status":"closed","template":"","meta":{"site-sidebar-layout":"default","site-content-layout":"","ast-site-content-layout":"","site-content-style":"default","site-sidebar-style":"default","ast-global-header-display":"","ast-banner-title-visibility":"","ast-main-header-display":"","ast-hfb-above-header-display":"","ast-hfb-below-header-display":"","ast-hfb-mobile-header-display":"","site-post-title":"","ast-breadcrumbs-content":"","ast-featured-img":"","footer-sml-layout":"","theme-transparent-header-meta":"","adv-header-id-meta":"","stick-header-meta":"","header-above-stick-meta":"","header-main-stick-meta":"","header-below-stick-meta":"","astra-migrate-meta-layouts":"default","ast-page-background-enabled":"default","ast-page-background-meta":{"desktop":{"background-color":"var(--ast-global-color-4)","background-image":"","background-repeat":"repeat","background-position":"center center","background-size":"auto","background-attachment":"scroll","background-type":"","background-media":"","overlay-type":"","overlay-color":"","overlay-opacity":"","overlay-gradient":""},"tablet":{"background-color":"","background-image":"","background-repeat":"repeat","background-position":"center center","background-size":"auto","background-attachment":"scroll","background-type":"","background-media":"","overlay-type":"","overlay-color":"","overlay-opacity":"","overlay-gradient":""},"mobile":{"background-color":"","background-image":"","background-repeat":"repeat","background-position":"center center","background-size":"auto","background-attachment":"scroll","background-type":"","background-media":"","overlay-type":"","overlay-color":"","overlay-opacity":"","overlay-gradient":""}},"ast-content-background-meta":{"desktop":{"background-color":"var(--ast-global-color-5)","background-image":"","background-repeat":"repeat","background-position":"center center","background-size":"auto","background-attachment":"scroll","background-type":"","background-media":"","overlay-type":"","overlay-color":"","overlay-opacity":"","overlay-gradient":""},"tablet":{"background-color":"var(--ast-global-color-5)","background-image":"","background-repeat":"repeat","background-position":"center center","background-size":"auto","background-attachment":"scroll","background-type":"","background-media":"","overlay-type":"","overlay-color":"","overlay-opacity":"","overlay-gradient":""},"mobile":{"background-color":"var(--ast-global-color-5)","background-image":"","background-repeat":"repeat","background-position":"center center","background-size":"auto","background-attachment":"scroll","background-type":"","background-media":"","overlay-type":"","overlay-color":"","overlay-opacity":"","overlay-gradient":""}},"footnotes":""},"class_list":["post-26","page","type-page","status-publish","hentry"],"_links":{"self":[{"href":"https:\/\/nuagevert.eco\/index.php\/wp-json\/wp\/v2\/pages\/26","targetHints":{"allow":["GET"]}}],"collection":[{"href":"https:\/\/nuagevert.eco\/index.php\/wp-json\/wp\/v2\/pages"}],"about":[{"href":"https:\/\/nuagevert.eco\/index.php\/wp-json\/wp\/v2\/types\/page"}],"author":[{"embeddable":true,"href":"https:\/\/nuagevert.eco\/index.php\/wp-json\/wp\/v2\/users\/2"}],"replies":[{"embeddable":true,"href":"https:\/\/nuagevert.eco\/index.php\/wp-json\/wp\/v2\/comments?post=26"}],"version-history":[{"count":8,"href":"https:\/\/nuagevert.eco\/index.php\/wp-json\/wp\/v2\/pages\/26\/revisions"}],"predecessor-version":[{"id":82,"href":"https:\/\/nuagevert.eco\/index.php\/wp-json\/wp\/v2\/pages\/26\/revisions\/82"}],"wp:attachment":[{"href":"https:\/\/nuagevert.eco\/index.php\/wp-json\/wp\/v2\/media?parent=26"}],"curies":[{"name":"wp","href":"https:\/\/api.w.org\/{rel}","templated":true}]}}